mber?
False
Is 129249797 composite?
True
Is 6763301893 a composite number?
True
Is 2455321693 a composite number?
True
Is 8968394401 a prime number?
False
Is 3584760159 prime?
False
Is 53657379959 a composite number?
False
Is 22033928827 prime?
False
Is 4724714531 composite?
False
Is 30820475171 prime?
True
Is 144381588178 composite?
True
Is 6493380143 composite?
False
Is 345435840779 a prime number?
True
Is 9535092533 prime?
True
Is 306909965 prime?
False
Is 10500951541 prime?
True
Is 1498922461 a prime number?
True
Is 233438299 prime?
False
Is 108145370427 composite?
True
Is 121445482817 a prime number?
False
Is 20224851263 a composite number?
False
Is 118906121 a composite number?
False
Is 1296959273 a composite number?
True
Is 313676329 a prime number?
False
Is 64069773557 a prime number?
True
Is 16259821867 composite?
False
Is 871077607 composite?
False
Is 7831958647 prime?
False
Is 391217667 prime?
False
Is 84781735 prime?
False
Is 31007243569 a composite number?
False
Is 789877967 prime?
True
Is 13956001159 a prime number?
True
Is 11047993247 a composite number?
True
Is 2323983829 prime?
False
Is 1433356177 a composite number?
True
Is 868840333 composite?
False
Is 70766264647 a composite number?
True
Is 587702143 composite?
True
Is 38843069763 prime?
False
Is 17817309449 prime?
False
Is 13221787 a composite number?
True
Is 56564177 composite?
False
Is 9428849993 a prime number?
True
Is 472572497 a composite number?
False
Is 849485701 composite?
True
Is 1594548869 prime?
False
Is 29786671 a composite number?
True
Is 226098293 a composite number?
True
Is 51126626413 a prime number?
True
Is 143398609 prime?
True
Is 13883541407 a composite number?
True
Is 3607479553 a prime number?
True
Is 558893053 a composite number?
True
Is 6075192731 a prime number?
True
Is 3249487337 composite?
True
Is 72378248246 a composite number?
True
Is 2381157199 prime?
False
Is 10872389449 prime?
False
Is 3166046735 a prime number?
False
Is 1741369633 a prime number?
True
Is 97892786137 a composite number?
False
Is 59919647 composite?
False
Is 6777271229 a composite number?
False
Is 95576087947 a prime number?
True
Is 3510190811 prime?
False
Is 2179215683 prime?
False
Is 23249707405 a prime number?
False
Is 4364107439 a composite number?
False
Is 6421444574 a prime number?
False
Is 71495913382 prime?
False
Is 4581245297 prime?
True
Is 5630542091 composite?
True
Is 313412209 a prime number?
False
Is 35696272441 a prime number?
True
Is 44692489 a composite number?
False
Is 7628926601 prime?
True
Is 941527973 prime?
True
Is 334170606491 prime?
True
Is 336713063 a composite number?
False
Is 249899197 prime?
False
Is 9472810843 composite?
True
Is 4161160693 a composite number?
True
Is 23257084253 a composite number?
True
Is 2617391495 a composite number?
True
Is 110465251189 prime?
True
Is 320377086287 composite?
True
Is 1906185943 a prime number?
False
Is 14447131 composite?
True
Is 1219670741 composite?
False
Is 73538382959 composite?
False
Is 18871441171 a prime number?
False
Is 655310263 a prime number?
True
Is 54355723 prime?
True
Is 798337717 prime?
True
Is 96330172403 prime?
True
Is 55055829659 a composite number?
True
Is 10897841407 a composite number?
False
Is 34544749711 a prime number?
False
Is 53193893 a prime number?
False
Is 1286694887 composite?
False
Is 4313355589 a composite number?
False
Is 137918478437 prime?
False
Is 27965131991 composite?
True
Is 499939471 prime?
False
Is 3520770349 a prime number?
True
Is 5081858291 a composite number?
True
Is 1275488285 prime?
False
Is 971593963 composite?
True
Is 2063654441 a composite number?
True
Is 16413297365 composite?
True
Is 6205791649 composite?
True
Is 42328355599 prime?
False
Is 64991333 a prime number?
False
Is 902031551 composite?
False
Is 47982672761 prime?
True
Is 34188869353 composite?
False
Is 23439183601 composite?
False
Is 4766979913 composite?
False
Is 925579231 a composite number?
True
Is 2847885437 a prime number?
False
Is 1509821953 a composite number?
False
Is 45279811 composite?
False
Is 8769183817 composite?
True
Is 1669473469 a prime number?
False
Is 9483437347 a composite number?
True
Is 175831601119 a composite number?
False
Is 193183411739 composite?
True
Is 247067800157 prime?
True
Is 3820470151 prime?
True
Is 436301661 prime?
False
Is 34120150811 a prime number?
False
Is 1484672433 a prime number?
False
Is 9691151363 composite?
False
Is 8445556391 prime?
True
Is 6863762401 a composite number?
True
Is 1532206201 prime?
True
Is 2874182803 a composite number?
True
Is 70740575329 prime?
True
Is 1774407199 a composite number?
True
Is 3100062577 a prime number?
False
Is 323624599 prime?
True
Is 1757486167 prime?
False
Is 3068828249 composite?
False
Is 4549687487 composite?
True
Is 1033456709 prime?
False
Is 12326798839 prime?
False
Is 2172688187 prime?
False
Is 82787697121 composite?
True
Is 15823945721 a composite number?
False
Is 131767499 a prime number?
False
Is 348990627467 prime?
True
Is 388982861 composite?
False
Is 50698595 prime?
False
Is 219736961 a composite number?
True
Is 1938979033 a composite number?
False
Is 37787907317 composite?
True
Is 417919303 a prime number?
False
Is 18068027001 composite?
True
Is 646647097 a prime number?
True
Is 4419546161 a composite number?
False
Is 10772289809 composite?
True
Is 17585758907 a prime number?
True
Is 48981689033 composite?
False
Is 2465768189 a prime number?
True
Is 1403023441 prime?
False
Is 246216112819 a prime number?
True
Is 333031169 a prime number?
True
Is 795585017 composite?
False
Is 67362979 a prime number?
False
Is 46305713873 composite?
False
Is 3690723007 a composite number?
True
Is 23592697591 a composite number?
True
Is 102721309 prime?
False
Is 3520187381 a prime number?
True
Is 3188371583 a prime number?
False
Is 34498890313 a composite number?
True
Is 492005357 composite?
True
Is 3232598767 a composite number?
True
Is 396991139 prime?
False
Is 32459073469 a composite number?
False
Is 2035897673 a prime number?
True
Is 3899567251 composite?
False
Is 199321146419 prime?
True
Is 10940670247 prime?
False
Is 111676021 composite?
False
Is 7778040397 composite?
False
Is 2897591161 prime?
True
Is 1608502711 prime?
True
Is 946754113 composite?
True
Is 898302059 a prime number?
True
Is 1086930073 prime?
False
Is 1296985577 prime?
True
Is 4533724901 composite?
True
Is 24224707009 composite?
False
Is 2405082437 prime?
True
Is 235133893 composite?
True
Is 1114707583 a prime number?
False
Is 402419209 a prime number?
True
Is 8321005909 a prime number?
True
Is 1976931553 prime?
False
Is 1960362689 prime?
False
Is 356453141 prime?
False
Is 1105693231 a composite number?
False
Is 1082521289 composite?
True
Is 3513852205 prime?
False
Is 2305863811 prime?
True
Is 480180661 a composite number?
True
Is 13432779499 composite?
True
Is 298816145657 a composite number?
False
Is 8809038163 a composite number?
True
Is 1399451993 prime?
True
Is 2459402909 prime?
True
Is 4045762937 a prime number?
False
Is 22783447 a composite number?
False
Is 27214120061 composite?
False
Is 1085389901 composite?
True
Is 31659779303 prime?
False
Is 4621795483 composite?
True
Is 1212798193 a composite number?
False
Is 28338672191 a prime number?
True
Is 3522199561 composite?
True
Is 100718813977 a prime number?
True
Is 3115926797 a composite number?
False
Is 377038117 a composite number?
False
Is 28684901101 a prime number?
False
Is 92229094709 a composite number?
False
Is 2189864393 a composite number?
False
Is 19904912849 a prime number?
True
Is 123760037 prime?
True
Is 333916447 composite?
False
Is 1130072689 a prime number?
False
Is 1838595371 a composite number?
False
Is 1502730871 composite?
False
Is 23552609053 a composite number?
True
Is 1241203841 a prime number?
True
Is 13162694453 prime?
True
Is 192111209 a composite number?
True
Is 54681611533 composite?
True
Is 1256326385 a prime number?
False
Is 789409583 a composite number?
False
Is 5275040527 composite?
False
Is 1864258883 prime?
False
Is 14712504386 a composite number?
True
Is 3699642473 composite?
False
Is 18815466563 composite?
True
Is 4819810711 a prime number?
True
Is 47720923 prime?
False
Is 1351166099 prime?
False
Is 3354461681 a prime number?
True
Is 100313343677 prime?
True
Is 8